{"id":16,"date":"2026-03-29T22:23:23","date_gmt":"2026-03-29T20:23:23","guid":{"rendered":"https:\/\/new.citoyenr.org\/?page_id=16"},"modified":"2026-03-29T22:23:23","modified_gmt":"2026-03-29T20:23:23","slug":"notre-fonctionnement","status":"publish","type":"page","link":"https:\/\/new.citoyenr.org\/index.php\/notre-fonctionnement\/","title":{"rendered":"Notre fonctionnement"},"content":{"rendered":"\n<div class=\"wp-block-columns is-layout-flex wp-container-core-columns-is-layout-28f84493 wp-block-columns-is-layout-flex\">\n<div class=\"wp-block-column is-layout-flow wp-block-column-is-layout-flow\">\n<h2 class=\"wp-block-heading\">Comment \u00e7a marche\u202f?<\/h2>\n\n\n\n<p>Les citoyens et acteurs locaux investissent collectivement dans Citoy\u2019enR, ce qui permet de financer l\u2019installation de panneaux photovolta\u00efques. L\u2019\u00e9lectricit\u00e9 produite est r\u00e9inject\u00e9e sur le r\u00e9seau \u00e0 un tarif d\u2019achat garanti sur 20 ans. Ces recettes permettent\u202f:<\/p>\n\n\n\n<ul class=\"wp-block-list\">\n<li>d\u2019amortir les investissements et de d\u00e9velopper de nouveaux projets\u202f;<\/li>\n\n\n\n<li>de financer les actions de sensibilisation et de p\u00e9dagogie sur la th\u00e9matique de l\u2019\u00e9nergie\u202f;<\/li>\n\n\n\n<li>de r\u00e9mun\u00e9rer les soci\u00e9taires.<\/li>\n<\/ul>\n\n\n\n<p>Les citoyens sont ainsi propri\u00e9taires des installations au travers de la coop\u00e9rative.<\/p>\n\n\n\n<p><a href=\"https:\/\/citoyenr.org\/energie-toulouse-souscriptions\/\">J&rsquo;investis dans Citoy&rsquo;enR, et je donne du sens \u00e0 mon \u00e9pargne !<\/a><\/p>\n<\/div>\n\n\n\n<div class=\"wp-block-column is-layout-flow wp-block-column-is-layout-flow\">\n<figure class=\"wp-block-image is-resized\"><img decoding=\"async\" src=\"https:\/\/citoyenr.org\/wp-content\/uploads\/2017\/12\/Comment_ca_marche-286x300.png\" alt=\"\" class=\"wp-image-1363\" style=\"width:472px;height:auto\"\/><\/figure>\n<\/div>\n<\/div>\n\n\n\n<h2 class=\"wp-block-heading\">Principe de gouvernance<\/h2>\n\n\n\n<p>La cr\u00e9ation de la <strong>Soci\u00e9t\u00e9 Coop\u00e9rative d\u2019Int\u00e9r\u00eat Collectif (SCIC) Citoy\u2019enR<\/strong> permet d\u2019avoir un outil statutaire afin de lever des fonds, r\u00e9aliser et exploiter les installations de production d\u2019\u00e9nergie renouvelable, mais aussi de g\u00e9rer les b\u00e9n\u00e9fices g\u00e9n\u00e9r\u00e9s. Enfin, elle permet \u00e9galement d\u2019organiser une gouvernance citoyenne.<\/p>\n\n\n\n<h2 class=\"wp-block-heading\">Fonctionnement de la gouvernance<\/h2>\n\n\n\n<p>Les SCIC sont des structures d\u00e9mocratiques qui permettent \u00e0 tous les soci\u00e9taires de s\u2019engager et de d\u00e9cider collectivement des orientations de la coop\u00e9rative.<\/p>\n\n\n\n<p>Les grands principes en sont les suivants&nbsp;:<\/p>\n\n\n\n<ul class=\"wp-block-list\">\n<li><strong>Une personne = une voix<\/strong>\u00a0: chaque soci\u00e9taire dispose du m\u00eame droit de vote quel que soit le nombre de parts sociales d\u00e9tenues.<\/li>\n\n\n\n<li>La gouvernance est compos\u00e9e de <strong>quatre coll\u00e8ges de vote<\/strong> au sein de la Soci\u00e9t\u00e9.<\/li>\n<\/ul>\n\n\n\n<div class=\"wp-block-columns is-layout-flex wp-container-core-columns-is-layout-28f84493 wp-block-columns-is-layout-flex\">\n<div class=\"wp-block-column is-layout-flow wp-block-column-is-layout-flow\">\n<figure class=\"wp-block-image size-full is-resized\"><img loading=\"lazy\" decoding=\"async\" width=\"571\" height=\"331\" src=\"https:\/\/new.citoyenr.org\/wp-content\/uploads\/2026\/03\/image-2.png\" alt=\"\" class=\"wp-image-17\" style=\"width:571px;height:auto\" srcset=\"https:\/\/new.citoyenr.org\/wp-content\/uploads\/2026\/03\/image-2.png 571w, https:\/\/new.citoyenr.org\/wp-content\/uploads\/2026\/03\/image-2-300x174.png 300w\" sizes=\"auto, (max-width: 571px) 100vw, 571px\" \/><\/figure>\n<\/div>\n\n\n\n<div class=\"wp-block-column is-layout-flow wp-block-column-is-layout-flow\">\n<p>Les coll\u00e8ges de vote ne sont pas des instances titulaires de droits particuliers ou conf\u00e9rant des droits particuliers \u00e0 leurs membres. Sans exon\u00e9rer du principe un associ\u00e9 = une voix, ils permettent de comptabiliser le r\u00e9sultat des votes en assembl\u00e9e g\u00e9n\u00e9rale en pond\u00e9rant le r\u00e9sultat de chaque vote en fonction de l\u2019effectif ou de l\u2019engagement des coop\u00e9rateurs. Ils permettent ainsi de maintenir l\u2019\u00e9quilibre entre les groupes d\u2019associ\u00e9s et la garantie de la gestion d\u00e9mocratique au sein de la coop\u00e9rative.<\/p>\n\n\n\n<p><a href=\"https:\/\/citoyenr.org\/energie-renouvelable-equipe\/\">Voir l&rsquo;\u00e9quipe<\/a><\/p>\n<\/div>\n<\/div>\n\n\n\n<p>Vous pouvez consulter les statuts juridiques de la SCIC SAS Citoy&rsquo;enR pour en savoir plus.<\/p>\n\n\n\n<p><a href=\"https:\/\/citoyenr.org\/wp-content\/uploads\/2022\/07\/Statuts_SCIC_SAS_CitoyenR_2022.pdf\">Consulter les statuts juridiques<\/a><\/p>\n\n\n\n<h2 class=\"wp-block-heading\">Espace Assembl\u00e9es g\u00e9n\u00e9rales<\/h2>\n\n\n\n<p>Retrouver ci-dessous l&rsquo;ensemble des documents concernant les assembl\u00e9es g\u00e9n\u00e9rales de la coop\u00e9rative :<\/p>\n\n\n\n<ul class=\"wp-block-list\">\n<li><a href=\"https:\/\/citoyenr.org\/espace-assemblees-generales\/\">Espace Assembl\u00e9es G\u00e9n\u00e9rales<\/a><\/li>\n<\/ul>\n\n\n\n<p><\/p>\n","protected":false},"excerpt":{"rendered":"<p>Comment \u00e7a marche\u202f? Les citoyens et acteurs locaux investissent collectivement dans Citoy\u2019enR, ce qui permet de financer l\u2019installation de panneaux photovolta\u00efques. L\u2019\u00e9lectricit\u00e9 produite est r\u00e9inject\u00e9e sur le r\u00e9seau \u00e0 un tarif d\u2019achat garanti sur 20 ans. Ces recettes permettent\u202f: Les citoyens sont ainsi propri\u00e9taires des installations au travers de la coop\u00e9rative. J&rsquo;investis dans Citoy&rsquo;enR, et [&hellip;]<\/p>\n","protected":false},"author":1,"featured_media":0,"parent":0,"menu_order":0,"comment_status":"closed","ping_status":"closed","template":"","meta":{"footnotes":""},"class_list":["post-16","page","type-page","status-publish","hentry"],"blocksy_meta":[],"_links":{"self":[{"href":"https:\/\/new.citoyenr.org\/index.php\/wp-json\/wp\/v2\/pages\/16","targetHints":{"allow":["GET"]}}],"collection":[{"href":"https:\/\/new.citoyenr.org\/index.php\/wp-json\/wp\/v2\/pages"}],"about":[{"href":"https:\/\/new.citoyenr.org\/index.php\/wp-json\/wp\/v2\/types\/page"}],"author":[{"embeddable":true,"href":"https:\/\/new.citoyenr.org\/index.php\/wp-json\/wp\/v2\/users\/1"}],"replies":[{"embeddable":true,"href":"https:\/\/new.citoyenr.org\/index.php\/wp-json\/wp\/v2\/comments?post=16"}],"version-history":[{"count":1,"href":"https:\/\/new.citoyenr.org\/index.php\/wp-json\/wp\/v2\/pages\/16\/revisions"}],"predecessor-version":[{"id":18,"href":"https:\/\/new.citoyenr.org\/index.php\/wp-json\/wp\/v2\/pages\/16\/revisions\/18"}],"wp:attachment":[{"href":"https:\/\/new.citoyenr.org\/index.php\/wp-json\/wp\/v2\/media?parent=16"}],"curies":[{"name":"wp","href":"https:\/\/api.w.org\/{rel}","templated":true}]}}